= -15*u + 98. Give a(7).
-7
Let y(d) = -d - 4. Determine y(-2).
-2
Let r(t) = t**2 - 9*t + 1. Calculate r(7).
-13
Let a(f) = 7*f**2 + 8*f + 4. Calculate a(-4).
84
Let n(o) = -o**3 - 3*o**2 + 4*o - 2. What is n(-4)?
-2
Let g(j) = -j**3 + 13*j**2 - 12*j - 13. Calculate g(12).
-13
Let x(h) = -h**2 - 19*h - 87. Determine x(-12).
-3
Let r(n) = 42*n + 507. Determine r(-12).
3
Let h(a) = -3*a**3 - a**2 - 3*a + 11. Determine h(2).
-23
Let k(i) = 5*i**2 + i + 1. Give k(-1).
5
Let v(f) = f + 13. Give v(-6).
7
Let d(f) = -2*f**2 + 3*f + 12. What is d(3)?
3
Let r(l) = -2*l**2 + 6*l - 17. What is r(6)?
-53
Let a(p) = -12*p + 23. Determine a(-15).
203
Let z(b) = 2*b**2 + b + 1. Give z(-1).
2
Let g(j) = j**3 + 21*j**2 + 66*j - 36. What is g(-17)?
-2
Let d(c) = c**2 - 6. Determine d(-2).
-2
Let m(r) = r**3 + 3*r**2 - r + 3. Calculate m(-3).
6
Let n(q) = -q**3 + 14*q**2 + 15*q + 5. Calculate n(15).
5
Let i(y) = -6*y**3. Give i(1).
-6
Let c(v) = -v**3 + 2*v**2 + 23*v - 15. Give c(6).
-21
Let m(k) = -2*k - 40. Calculate m(-18).
-4
Let q(j) = j**2 - j - 69. Give q(0).
-69
Let l(j) = -j**2 + j - 7. Give l(-6).
-49
Let c(t) = -t**3 - 6*t**2 + 5*t + 3. Give c(-5).
-47
Let c(r) = 2*r**3 - 9*r**2 + 4*r - 11. What is c(4)?
-11
Let s(n) = n**2 + 3*n - 3. Give s(-4).
1
Let p(g) = -18*g**3 + 2*g**2 - 1. Determine p(1).
-17
Let d(z) = z**3 + 12*z**2 + 4*z + 40. What is d(-12)?
-8
Let m(x) = 5*x - 37. Calculate m(13).
28
Let n(c) = -5*c + 58. What is n(11)?
3
Let m(f) = f**3 - 24*f**2 + 29*f - 16. Give m(23).
122
Let g(v) = 9*v**3 - 2*v + 1. Calculate g(1).
8
Let l(q) = -q**3 - 5*q**2 + 14*q + 7. Calculate l(-7).
7
Let w(s) = -s**2 - 17*s + 10. Calculate w(-7).
80
Let f(h) = h**3 + 10*h**2 - 6*h + 47. Give f(-11).
-8
Let d(y) = 12*y**2 - 2*y - 2. Calculate d(-1).
12
Let m(d) = 3*d - 11. What is m(-7)?
-32
Let a(p) = 2*p - 5. Calculate a(4).
3
Let s(w) = -w**2 + 15*w - 43. Calculate s(6).
11
Let i(o) = 18*o**2 + 10*o + 1. Give i(-1).
9
Let q(p) = p**2 - 10*p + 21. Give q(4).
-3
Let n(o) = -o**3 - 14*o**2 - 43*o + 4. Determine n(-5).
-6
Let w(g) = 2*g**3 - 16*g**2 - 13. What is w(8)?
-13
Let x(v) = -v**2 - v. Calculate x(3).
-12
Let a(o) = 47*o**2 + 12*o - 11. What is a(1)?
48
Let c(j) = -j**2 - 5*j - 5. Give c(-2).
1
Let f(q) = -q**3 + 21*q**2 + q + 16. Calculate f(21).
37
Let m(r) = -2*r**2 + 5*r - 4. Give m(4).
-16
Let d(w) = 8*w + 39. Give d(-9).
-33
Let b(l) = l**2 - 16*l + 31. Determine b(14).
3
Let y(k) = -k**2 + 9*k + 30. Give y(12).
-6
Let j(g) = -24*g**3 + 2*g**2 - 1. What is j(-1)?
25
Let y(w) = 23*w**2 + 23*w - 22. Determine y(1).
24
Let h(w) = -w**3 - 11*w**2 - 6. Determine h(-11).
-6
Let g(c) = -c**3 + 7*c**2 + 7*c - 16. Determine g(7).
33
Let k(i) = 44*i + 13. Determine k(-3).
-119
Let y(f) = -10*f + 79. Determine y(8).
-1
Let s(o) = o**3 + 7*o**2 - 7*o + 13. What is s(-9)?
-86
Let v(l) = l + 5. Give v(11).
16
Let p(u) = -2*u**2 + 32*u - 14. What is p(15)?
16
Let v(n) = -2*n**3 - 2*n**2 + 2. Determine v(2).
-22
Let n(m) = -4*m**2 - 2*m. Give n(2).
-20
Let a(p) = -4*p**3 - 31*p**2 - 17*p + 21. Calculate a(-7).
-7
Let h(q) = q**2 - 13*q + 18. Calculate h(12).
6
Let k(m) = -m + 1. Give k(-10).
11
Let k(g) = -g**2 - g + 2. Determine k(2).
-4
Let i(j) = -j**2 - 71*j + 548. Give i(-78).
2
Let a(y) = -5*y**2 - 22*y + 35. Calculate a(-6).
-13
Let r(f) = 2*f**3 - 14*f**2 + 27*f - 7. Give r(5).
28
Let p(t) = t**3 + 18*t**2 - 37*t + 46. Determine p(-20).
-14
Let b(a) = a**2 - 6*a - 11. Give b(9).
16
Let v(o) = -o**3 - o**2 + 2*o - 5. Give v(-4).
35
Let c(z) = -2*z - 1. Calculate c(11).
-23
Let f(h) = -5*h - 117. Give f(-34).
53
Let a(z) = z**2 + 5*z + 3. What is a(-6)?
9
Let g(m) = -m**3 - 4*m**2 - 2*m + 2. Calculate g(-2).
-2
Let q(v) = v**3 - 8*v**2 - 36*v + 1. Give q(11).
-32
Let r(x) = -x**3 - x**2 - 2*x + 4. What is r(0)?
4
Let l(z) = z**2 - 11*z - 99. Determine l(17).
3
Let a(v) = v + 29. Determine a(-5).
24
Let s(m) = 3*m**3 - m**2 - 5*m + 1. Calculate s(2).
11
Let z(l) = l**3 - 23*l**2 + 20*l + 45. Calculate z(22).
1
Let o(x) = -x**3 - 7*x**2 + 2. What is o(-5)?
-48
Let s(b) = b**2 - 22*b + 29. Give s(22).
29
Let t(i) = i**3 + 3*i**2 - 28*i + 20. What is t(-7)?
20
Let j(z) = 2*z**2 - 4*z - 2. Determine j(4).
14
Let m(b) = -7*b - 3. Determine m(3).
-24
Let t(d) = -d**3 + 6*d**2 - 8*d + 6. Determine t(3).
9
Let g(b) = -2*b - 1. What is g(-3)?
5
Let b(j) = -2*j**2 + 22*j + 38. Calculate b(13).
-14
Let d(a) = 29*a - 7. Determine d(5).
138
Let t(v) = v**2 + 23*v - 1275. What is t(26)?
-1
Let b(t) = -t**2 + 16*t - 43. Determine b(14).
-15
Let w(o) = 2*o**2 - 16*o + 19. What is w(8)?
19
Let h(k) = -k**2 - 2*k - 23. Calculate h(8).
-103
Let o(g) = g**2 + 26*g + 76. Calculate o(-3).
7
Let l(v) = v**3 + 4*v**2 + 5*v. Determine l(-2).
-2
Let m(z) = -z**3 - 8*z**2 + 4*z + 15. Determine m(-8).
-17
Let r(i) = -i**3 + 7*i**2 + 98*i + 6. Calculate r(-7).
6
Let y(p) = -42*p + 72. What is y(3)?
-54
Let o(n) = -2*n + 16. What is o(7)?
2
Let b(o) = 6*o + 40. Determine b(0).
40
Let w(x) = x**3 + x**2 - 2*x - 1. Calculate w(0).
-1
Let l(m) = -m**2 - 15*m - 51. Give l(-7).
5
Let f(v) = v**3 - 5*v**2 + 2*v + 3. What is f(4)?
-5
Let o(w) = -w**3 - 7*w**2 - 5*w + 9. Give o(-6).
3
Let j(o) = -o**2 + 27*o + 59. Give j(29).
1
Let p(m) = -21*m + 280. What is p(13)?
7
Let h(n) = -3*n**2 - 12*n + 9. Determine h(-7).
-54
Let b(s) = s**3 - 10*s**2 - 10*s - 2. What is b(11)?
9
Let j(t) = -t**2 - 7*t + 15. Determine j(-10).
-15
Let s(b) = -b**2 + 20*b - 50. Determine s(17).
1
Let m(h) = 4*h**2 - 30*h + 26. Calculate m(7).
12
Let w(g) = -3*g + 27. Calculate w(7).
6
Let l(o) = -2*o**2 + 24*o + 45. Determine l(14).
-11
Let x(r) = -5*r - 4. Determine x(-6).
26
Let c(s) = -6*s - 5. Determine c(-1).
1
Let f(a) = -a**2 - 14*a - 9. Give f(-13).
4
Let x(z) = 3*z**2 + 3*z - 5. Give x(2).
13
Let a(m) = -m**2 - 10*m + 15. What is a(-12)?
-9
Let u(i) = i**3 - 5*i**2 - 7*i + 4. Give u(6).
-2
Let q(x) = 2*x**3 + 43*x**2 + 19*x - 19. Give q(-21).
23
Let q(l) = -l**2 + 9*l + 2. Determine q(10).
-8
Let a(q) = -q**2 + 10*q. Give a(7).
21
Let c(s) = -s**3 - 5*s**2 - 7*s - 32. What is c(-5)?
3
Let c(o) = 8*o + 4. Determine c(-7).
-52
Let u(w) = w**3 + 10*w**2 - 31*w - 65. What is u(-12)?
19
Let p(r) = 6*r + 12. Determine p(-7).
-30
Let d(a) = -2*a + 23. What is d(13)?
-3
Let j(b) = -b**3 - 26*b**2 + 53*b - 41. Calculate j(-28).
43
Let q(r) = 14*r + 93. Determine q(-7).
-5
Let n(p) = 46*p + 440. Determine n(-9).
26
Let b(a) = 4*a - 11. Calculate b(4).
5
Let c(i) = 8*i - 2. Determine c(8).
62
Let k(t) = -t**2 - 38*t + 54. Give k(-40).
-26
Let v(o) = -o**2 + 12. Give v(4).
-4
Let a(l) = -l**3 - 13*l**2 + l + 10. Give a(-13).
-3
Let n(b) = -7*b + 53. Determine n(9).
-10
Let s(x) = 3*x - 61. Determine s(14).
-19
Let v(p) = p**2 - 28*p + 184. Give v(17).
-3
Let g(h) = 2*h**2 - 8*h - 7. What is g(-5)?
83
Let g(c) = c**2 - 9*c - 11. What is g(11)?
11
Let q(v) = -v**2 + 6*v. What is q(5)?
5
Let u(g) = g**2 - 3*g - 4. What is u(5)?
6
Let o(f) = -f**2 - 2*f - 4. Give o(-3).
-7
Let c(h) = h**3 + h**2 - 2*h - 24. Calculate c(0).
-24
Let a(x) = x**2 - 30*x + 5. What is a(30)?
5
Let p(v) = 2*v**2 - v + 2. Calculate p(3).
17
Let s(m) = -m**2 - 21*m - 9. What is s(-21)?
-9
Let s(w) = w**2 - 21*w + 38. Determine s(19).
0
Let q(n) = n**3 - 9*n**2 + 7*n - 7. What is q(8)?
-15
Let p(t) = -13*t**2 + 2*t + 3. Determine p(-2).
-53
Let j(l) = -l**2 + 2*l + 3. Calculate j(5).
-12
Let n(j) = j**2 + 16*j + 37. Give n(-11).
-18
Let o(b) = -11*b + 185. Determine o(17).
-2
Let v(s) = s**3 - 8*s**2 + 12*s - 4. Give v(6).
-4
Let x(s) = -s**2 + 8*s + 15. Determine x(11).
-18
Let b(f) = 9*f + 5. Determine b(2).
23
Let n(g) = 11*g**2 - 2*g - 1. Determine n(2).
39
Let r(v) = -v**3 - 12*v**2 - 11*v + 3. Determine r(-10).
-87
Let x(a) = -a**3 - 5*a**2 - 3*a - 4. Calculate x(-5).
11
Let f(u) = -u**2 - 8*u - 6. Give f(-5).
9
Let z(s) = 2*s**2 - 31*s + 31. Determine z(15).
16
Let s(n) = -19*n + 1. Calculate s(-4).
77
Let k(u) = u**2 - 9*u - 1. What is k(7)?
-15
Let n(m) = m**3 - 8*m**2 - 10*m - 14. Determine n(9).
-23
Let z(t) = 10*t - 7. Determine z(1).
3
Let w(z) = z**3 - 7*z**2 + 2*z + 29. Determine w(6).
5
Let i(y) = y**2 + 7*y - 39. Give i(-11).
5
Let n(j) = 2*j**3 + j**2 + 2*j + 2. What is n(-1)?
-1
Let k(p) = -3*p + 33. What is k(11)?
0
Let p(l) = -